*p - 23. Let r be k(6). Suppose 2*h = 3*j - 50 + r, -4*j + 5*h - 289 = 0. Let u = j - -103. What are the prime factors of u?
2
Suppose 4*i + 131 - 1039 = 0. List the prime factors of i.
227
Suppose -34*z + 34364 = -77258. List the prime factors of z.
7, 67
Suppose -2977 + 226 = -2*z + d, -3*d + 6861 = 5*z. What are the prime factors of z?
2, 3, 229
Suppose -5*p + 9*y - 13*y + 8385 = 0, 4*p = 2*y + 6682. What are the prime factors of p?
7, 239
Let d(j) = -j**2 + 5*j + 3. Let s be d(5). Let h(x) = x**2 - 4*x**s + 4*x**2 + 3*x**3 - 6 + 4*x. List the prime factors of h(4).
2, 13
Let w(i) = i**3 + 7*i**2 - i - 5. Let c be w(-7). Suppose -c*b = 1 - 7. Suppose 24 = -0*h + b*h. What are the prime factors of h?
2
Suppose 4*t + 2028 = 5*f, -2*t = 4*f - 0*f - 1612. List the prime factors of f.
2, 101
Suppose 20 = 4*t - 4*z, 4*t - 8 = 3*z + 10. What are the prime factors of t?
3
Suppose 2*d + d - 24 = 0. Suppose -d*f + 0*f = -440. What are the prime factors of f?
5, 11
List the prime factors of (12/9)/(852/423 - 2).
2, 47
Let n = -1339 - -1911. List the prime factors of n.
2, 11, 13
Let v = -820 - -1185. What are the prime factors of v?
5, 73
Let f = -9 + 11. Suppose 4*y = -20, f*y = o + 4*y - 48. List the prime factors of o.
2, 29
Let b(g) = -5*g - 6. Let h be b(-2). List the prime factors of h + (13 - 1) - -4.
2, 5
What are the prime factors of ((-3)/5)/((-7)/4725)?
3, 5
Let q(m) = m + 19. Let v(h) = h**2 - 10*h + 2. Let g be v(8). What are the prime factors of q(g)?
5
Let t be (4 + -1)*42/(-9). What are the prime factors of 2310/t*1/(-3)?
5, 11
Let p be 3 - (-2)/4*0. Suppose -2*r - w = -106, -5*r + 192 = -r - p*w. What are the prime factors of r?
3, 17
Let k = 53 + -51. Suppose 0 = 4*l - 1 - 15, -k*q = -l - 156. List the prime factors of q.
2, 5
List the prime factors of 22730/12 - 175/(-210).
5, 379
Let p(z) = z**3 + 9*z**2 + 15*z + 1. Let v be p(-7). Let m be (v/(-5))/((-14)/(-210)). Suppose -22 = -2*a + m. List the prime factors of a.
2, 5
Let b be (0 - (-3)/(-6))*-6. Suppose 5*z = -b*x + 253, 23 = 2*x - 2*z - 119. What are the prime factors of x?
2, 19
Let f(s) = 92*s + 32. Let d be f(-11). What are the prime factors of 3/((-7)/(d/12))?
5, 7
Suppose 2*v - 2*j + 571 = 1605, 4*j = 5*v - 2590. What are the prime factors of v?
2, 3, 29
Let i = -720 - -1241. What are the prime factors of i?
521
Let q(n) = -n + 25. Let b be q(16). What are the prime factors of b + -7 - (-1 + -67)?
2, 5, 7
Let a(y) = 6*y - 13. Let v be a(4). Suppose v*w + 189 = 706. What are the prime factors of w?
47
Suppose -5*n - 2*f = -n + 218, -2*n + 2*f - 106 = 0. List the prime factors of ((-111)/(-4))/(n/(-144)).
2, 37
Let z be ((-3)/(-1))/(-3)*-77. What are the prime factors of z/(2 - (5 + -4))?
7, 11
Let p be (-7526)/(-10) - (-6)/(-10). Suppose w + 4*y = 179, -13*w + 9*w + p = -2*y. What are the prime factors of w?
11, 17
Let s(r) = 33*r. Suppose -4*y - 21 + 25 = 0. What are the prime factors of s(y)?
3, 11
Suppose -3*y + 1950 - 207 = 0. What are the prime factors of y?
7, 83
Suppose 4*j - 248 = 208. What are the prime factors of j/(5/(10/4))?
3, 19
Let f = 584 + -317. Suppose 6*v - 3*v = f. What are the prime factors of v?
89
Let r(v) = -v**2 - 6*v - 6. Suppose h - 1 + 5 = 0. Let d be r(h). Suppose d*u - 15 = 11. List the prime factors of u.
13
Let b(h) = 553*h**3 - 3*h**2 + 1. What are the prime factors of b(1)?
19, 29
Let h(n) = 165*n - 52. List the prime factors of h(9).
1433
What are the prime factors of (3918/(-8))/((-10)/640*6)?
2, 653
Suppose -4*y + 9 = 5*h - 4, -2*h = 4*y - 10. Suppose -2*j + 80 = 3*j. What are the prime factors of (j - y) + 5 + -5?
2, 7
Let f(z) = -6*z**3 - 16*z**2 + 8*z + 24. Let u(b) = b**3 + b + 1. Let p(t) = -f(t) - 5*u(t). List the prime factors of p(-16).
179
Let w(f) = f**3 + 10*f**2 + 9*f - 2. Let x(j) = -j**3 + 3*j**2 + 2*j - 1. Let h be x(4). Let t be w(h). List the prime factors of 657/21 - t/(-7).
31
Suppose -3*x = -12, 0 = 4*f - 2*x + 35 - 103. Let v = 24 - f. Suppose -v*h = -94 - 91. What are the prime factors of h?
37
Let s = -28 + 30. List the prime factors of s/9 + (-925)/(-9).
103
Let s(z) = z**2 + 5*z + 7. Let n be s(-5). Suppose f = 3*m + 35, -4*f - m = -n*f + 145. List the prime factors of f.
2, 5
Suppose 4*h - 1 = 2*i - 27, 5*i - 5*h = 65. Suppose -51 = 4*y - 11. Let x = y + i. List the prime factors of x.
3
Let a(d) = 8*d**3 + 5*d**2 + 7*d + 2. Let w be a(5). Suppose 6*t - w = -t. What are the prime factors of t?
2, 83
Let b be (-12*(-5)/(-10))/(6/224). List the prime factors of (b/(-4))/(-4 - 39/(-9)).
2, 3, 7
Suppose 3*m + 3 = 0, -2*w = 3*w - 4*m - 104. Suppose -w = 6*t - 3*t + 4*j, -3*t - j = 5. Suppose -2*i + 112 - 36 = t. List the prime factors of i.
2, 19
Let p(r) = 5*r**2 - 11*r + 48. What are the prime factors of p(11)?
2, 7, 19
Let b(u) = 9*u**2 - 32*u - 334. What are the prime factors of b(-21)?
59, 73
Suppose -20 = 5*y, -2*y + y = 3*o - 1034. List the prime factors of o.
2, 173
What are the prime factors of -5*730/(-1) + 1?
3, 1217
Suppose -1829 - 1888 = -7*a. List the prime factors of a.
3, 59
Let s(f) be the first derivative of -f**4/4 - 11*f**3/3 + 7*f**2/2 - 13*f - 2. What are the prime factors of s(-12)?
47
Suppose 350 = -r + 8*r. Suppose 4*w = -w + r. List the prime factors of w.
2, 5
Let m(u) = -9*u - 5. Let w(z) = -z**3 + 10*z**2 - 15*z + 9. Let t be w(8). Suppose 1 = 4*h + t. List the prime factors of m(h).
31
Let k(a) = a**3 + 7*a**2 - a - 8. Let n be k(-7). Let g = -29 + 56. Let v = g + n. List the prime factors of v.
2, 13
Let t(g) = -g**2 + 4*g + 3. Let a be t(4). Suppose -7 = -a*d + 2. Suppose -d*c + 51 = -2*q, -c + 3*c - 50 = -4*q. What are the prime factors of c?
19
Let y(r) = 2*r - 2. Let p be y(3). Let s = p + -4. Suppose 5*l + 5*w - 117 - 118 = 0, 4*l - w - 183 = s. List the prime factors of l.
2, 23
Suppose 131*b + 32*b - 966264 = 0. List the prime factors of b.
2, 3, 13, 19
Suppose -7*k - 15 = 237. Let z = k - -50. List the prime factors of z.
2, 7
Suppose -4*t + 2*b - 1374 = -316, -5*t - 4*b = 1290. Let p = -150 - t. List the prime factors of p.
2, 7
Let j be (-2)/(-8) - 15*(-30)/(-8). Let p = 86 + j. What are the prime factors of p?
2, 3, 5
Suppose 19*k - 2840 = 238. What are the prime factors of k?
2, 3
Let n(p) = p**3 - 5*p**2 - 4*p - 8. Let q be n(6). Suppose -4*l + 15 = -17. Suppose l = 3*w - q. List the prime factors of w.
2
Suppose 0 = -3*z + 4*z - 2. Suppose -4*p + 39 = -5*h, 2*p - h = -2*p + 59. Suppose -n - p = -2*y, 4*y - y + z = -5*n. What are the prime factors of y?
2, 3
Let s = 14 - -18. Suppose p + 0*p - 8 = -2*c, 4*c - 2*p = s. What are the prime factors of 111/c - 1/(-2)?
19
Let t = -1288 + 1646. List the prime factors of t.
2, 179
Let a be ((-60)/(-24))/((-2)/(-120)). Suppose 4*u = 466 - a. Let l = u + -44. List the prime factors of l.
5, 7
Let r = 3 + 1. Suppose -14 = -2*c + r*x, -c + 5*x + 1 = -12. What are the prime factors of (0 - (c + -8)) + -3?
2
List the prime factors of 1642/18 - (-6 - 504/(-81)).
7, 13
Let m(g) = g**3 - g**2 - 4*g + 231. What are the prime factors of m(14)?
7, 389
Let t = -371 + 1877. List the prime factors of t.
2, 3, 251
Let c(i) = i**2 - 1. Suppose -4*u - 37 + 5 = 0. List the prime factors of c(u).
3, 7
What are the prime factors of (42/10)/(15/2475)?
3, 7, 11
Suppose 5*s - 895 - 765 = 0. What are the prime factors of s?
2, 83
Let c(d) be the third derivative of 7*d**7/120 - d**5/60 + d**4/24 - d**3/2 - 9*d**2. Let v(n) be the first derivative of c(n). List the prime factors of v(1).
2, 3
Suppose 15*t = 13*t + 8. Suppose t*k + 82 = d - 0*k, 0 = -3*k + 12. What are the prime factors of d?
2, 7
Suppose -392 = 6*k - 10*k. Suppose -b = -311 + k. List the prime factors of b.
3, 71
Let u(f) = -f**3 - f**2 + 5*f + 3. Let l be u(-3). What are the prime factors of 26/l*(2 - -16)?
2, 3, 13
Let p = 104 + -94. Suppose 0 = -a - 5*j + p, -3*a + 2*j + 68 = -2*j. What are the prime factors of a?
2, 5
Suppose 31*n - 47355 = -15177. List the prime factors of n.
2, 3, 173
Suppose 4*p - 3630 = u + u, 0 = 3*p - 5*u - 2733. List the prime factors of p.
2, 3, 151
Let g = 82 + -73. List the prime factors of g.
3
Suppose g + 5*l - l - 626 = 0, l - 2489 = -4*g. List the prime factors of (-1)/(-3) - g/(-6).
2, 13
Suppose 6*k = 5*k + 25. Let z be (0 - 2)/((-2)/k). Let m = 3